hen 8214 is divided by 52.
50
What is the remainder when 1228 is divided by 146?
60
Calculate the remainder when 1662 is divided by 1593.
69
Calculate the remainder when 1338 is divided by 484.
370
Calculate the remainder when 6476 is divided by 8.
4
Calculate the remainder when 2781 is divided by 914.
39
What is the remainder when 439953 is divided by 66?
63
What is the remainder when 7203 is divided by 714?
63
What is the remainder when 1363 is divided by 461?
441
What is the remainder when 56505 is divided by 102?
99
What is the remainder when 8520 is divided by 342?
312
What is the remainder when 590 is divided by 11?
7
What is the remainder when 185378 is divided by 39?
11
Calculate the remainder when 4436 is divided by 44.
36
What is the remainder when 6701 is divided by 353?
347
Calculate the remainder when 2572 is divided by 36.
16
Calculate the remainder when 75952 is divided by 863.
8
Calculate the remainder when 1134099 is divided by 44.
43
Calculate the remainder when 215507 is divided by 1165.
1147
What is the remainder when 121952 is divided by 217?
215
What is the remainder when 12009 is divided by 1135?
659
What is the remainder when 30663 is divided by 1332?
27
What is the remainder when 99643 is divided by 4527?
49
Calculate the remainder when 22651 is divided by 7550.
1
Calculate the remainder when 25405 is divided by 397.
394
Calculate the remainder when 1930870 is divided by 469.
466
Calculate the remainder when 3841 is divided by 836.
497
What is the remainder when 172 is divided by 125?
47
Calculate the remainder when 277793 is divided by 16340.
13
What is the remainder when 41173 is divided by 238?
237
What is the remainder when 97059 is divided by 16?
3
Calculate the remainder when 1750 is divided by 287.
28
What is the remainder when 9058 is divided by 647?
0
Calculate the remainder when 564702 is divided by 121.
116
Calculate the remainder when 1956 is divided by 616.
108
What is the remainder when 73743 is divided by 382?
17
What is the remainder when 643 is divided by 318?
7
What is the remainder when 22120 is divided by 819?
7
What is the remainder when 178689 is divided by 1131?
1122
Calculate the remainder when 272 is divided by 88.
8
Calculate the remainder when 14367 is divided by 1427.
97
Calculate the remainder when 4480 is divided by 4465.
15
Calculate the remainder when 3004 is divided by 2463.
541
Calculate the remainder when 696755 is divided by 62.
61
Calculate the remainder when 1896 is divided by 304.
72
Calculate the remainder when 21729 is divided by 13.
6
What is the remainder when 21342 is divided by 6?
0
Calculate the remainder when 3300 is divided by 1003.
291
Calculate the remainder when 66892 is divided by 296.
292
What is the remainder when 1819 is divided by 90?
19
What is the remainder when 514 is divided by 481?
33
Calculate the remainder when 33923 is divided by 43.
39
What is the remainder when 6944 is divided by 3437?
70
Calculate the remainder when 22417 is divided by 340.
317
What is the remainder when 83761 is divided by 401?
353
Calculate the remainder when 81122 is divided by 5793.
20
What is the remainder when 82123 is divided by 708?
703
What is the remainder when 84735 is divided by 662?
661
Calculate the remainder when 6966 is divided by 1709.
130
Calculate the remainder when 1536424 is divided by 55.
54
What is the remainder when 19022 is divided by 42?
38
What is the remainder when 72219 is divided by 8016?
75
What is the remainder when 91224 is divided by 104?
16
Calculate the remainder when 31031 is divided by 12.
11
What is the remainder when 769241 is divided by 2590?
11
Calculate the remainder when 2372 is divided by 84.
20
Calculate the remainder when 231 is divided by 202.
29
Calculate the remainder when 12731 is divided by 30.
11
What is the remainder when 356062 is divided by 38?
2
Calculate the remainder when 78332 is divided by 36.
32
Calculate the remainder when 19781 is divided by 9871.
39
What is the remainder when 1092 is divided by 669?
423
Calculate the remainder when 350434 is divided by 376.
2
Calculate the remainder when 4511 is divided by 92.
3
Calculate the remainder when 26817 is divided by 1117.
9
What is the remainder when 675 is divided by 105?
45
What is the remainder when 36870 is divided by 11?
9
What is the remainder when 49762 is divided by 22?
20
Calculate the remainder when 3375598 is divided by 15.
13
Calculate the remainder when 1302260 is divided by 434083.
11
Calculate the remainder when 148254 is divided by 706.
700
Calculate the remainder when 96618 is divided by 291.
6
What is the remainder when 25891 is divided by 1520?
51
What is the remainder when 24518 is divided by 183?
179
What is the remainder when 6281 is divided by 165?
11
What is the remainder when 3951 is divided by 217?
45
Calculate the remainder when 33333 is divided by 228.
45
Calculate the remainder when 5698 is divided by 409.
381
What is the remainder when 3881 is divided by 57?
5
What is the remainder when 60275 is divided by 635?
585
What is the remainder when 242899 is divided by 70?
69
What is the remainder when 812 is divided by 789?
23
Calculate the remainder when 1602 is divided by 146.
142
Calculate the remainder when 278336 is divided by 39760.
16
What is the remainder when 133375 is divided by 135?
130
Calculate the remainder when 6955 is divided by 1389.
10
What is the remainder when 87191 is divided by 20?
11
What is the remainder when 6420 is divided by 531?
48
What is the remainder when 4056 is divided by 637?
234
What is the remainder when 4227 is divided by 41?
4
Calculate the remainder when 63620 is divided by 31772.
76
What is the remainder when 15011 is divided by 15009?
2
Calculate the remainder when 13508 is divided by 13.
1
What is the remainder when 3572 is divided by 171?
152
What is the remainder when 1582 is divided by 82?
24
What is the remainder when 2869 is divided by 127?
75
Calculate the remainder when 54076 is divided by 54048.
28
Calculate the remainder when 811452 is divided by 47.
44
Calculate the remainder when 253826 is divided by 7.
6
Calculate the remainder when 78187 is divided by 1566.
1453
Calculate the remainder when 53231 is divided by 388.
75
What is the remainder when 2883 is divided by 695?
103
Calculate the remainder when 18009 is divided by 33.
24
What is the remainder when 19667 is divided by 36?
11
Calculate the remainder when 400 is divided by 9.
4
What is the remainder when 3720991 is divided by 1936?
1935
What is the remainder when 17598 is divided by 103?
88
Calculate the remainder when 3269 is divided by 116.
21
What is the remainder when 3861 is divided by 238?
53
Calculate the remainder when 1291 is divided by 367.
190
Calculate the remainder when 133772 is divided by 133636.
136
Calculate the remainder when 141783 is divided by 2.
1
Calculate the remainder when 6939 is divided by 82.
51
Calculate the remainder when 451483 is divided by 381.
379
What is the remainder when 37333 is divided by 319?
10
Calculate the remainder when 15784 is divided by 149.
139
Calculate the remainder when 4789 is divided by 60.
49
Calculate the remainder when 6094 is divided by 136.
110
What is the remainder when 1114817 is divided by 70?
67
What is the remainder when 17728 is divided by 335?
308
What is the remainder when 1955 is divided by 67?
12
What is the remainder when 52764 is divided by 11?
8
Calculate the remainder when 7762107 is divided by 15.
12
What is the remainder when 6358 is divided by 45?
13
What is the remainder when 10466 is divided by 5233?
0
What is the remainder when 22278 is divided by 656?
630
Calculate the remainder when 4587 is divided by 43.
29
Calculate the remainder when 14517 is divided by 7246.
25
What is the remainder when 35969 is divided by 2115?
14
Calculate the remainder when 174 is divided by 12.
6
What is the remainder when 1321412 is divided by 58?
56
What is the remainder when 28684 is divided by 1025?
1009
Calculate the remainder when 694741 is divided by 21.
19
What is the remainder when 304885 is divided by 171?
163
Calculate the remainder when 109065 is divided by 15578.
19
Calculate the remainder when 3467 is divided by 77.
2
Calculate the remainder when 649 is divided by 18.
1
What 